{"id":3041,"date":"2022-05-12T00:01:38","date_gmt":"2022-05-11T22:01:38","guid":{"rendered":"https:\/\/an-carstvoprirode.com\/?page_id=3041"},"modified":"2022-05-17T21:14:38","modified_gmt":"2022-05-17T19:14:38","slug":"marketing-strategy","status":"publish","type":"page","link":"https:\/\/an-carstvoprirode.com\/de_ch_informal\/description-of-business-idea\/marketing-strategy\/","title":{"rendered":"Vermarktungsstrategie"},"content":{"rendered":"<p>Die grundlegende Marketingregel, die zur Bewerbung der Dienstleistungen dieses Zentrums verwendet wird, basiert auf der Ansicht, dass erfolgreiche Werbung einfach ist, den richtigen Vorteil bietet und leicht zu kommunizieren ist. In einem Meer aus verschiedenen Werbeaktionen ist es keine leichte Aufgabe, sich von anderen abzuheben. Daher sollte die Marketingbotschaft an potenzielle Kunden lauten, dass dieses Zentrum dazu da ist, ihnen zu helfen, ihren Organismus zu st\u00e4rken und das Gef\u00fchl eines gesunden K\u00f6rpers zu steigern.<\/p>\n\n\n\n<p>Im Folgenden sind die Phasen des Angebots bzw. des Verkaufsprozesses aufgef\u00fchrt, die bei der Vermittlung von Dienstleistungen zum Einsatz kommen:<\/p>\n\n\n\n<p><strong>Phase des Angebots-\/Verkaufsprozesses<\/strong><\/p>\n\n\n\n<ol class=\"wp-block-list\" type=\"1\"><li>Vorbesprechung<\/li><li>&nbsp;Pr\u00e4sentation der Leistungen<\/li><li>&nbsp;Analyse des Gesundheits- und Krankenhausprozesses des potenziellen Nutzers der<\/li><\/ol>\n\n\n\n<p>Service<\/p>\n\n\n\n<p>4. Erstellung eines Aktionsplans auf Basis einer Situationsanalyse<\/p>\n\n\n\n<p>5. Ein Gebot abgeben<\/p>\n\n\n\n<p>\u00a06. Vertragsmontage<\/p>\n\n\n\n<p>Auf die angegebenen Phasen des Angebots- bzw. Verkaufsprozesses folgt eine Marketingunterst\u00fctzung durch bestimmte Werbema\u00dfnahmen bei der Erstellung von Verkaufs- und Vertriebsstrategien.<\/p>\n\n\n\n<p>Die Marktpositionierung ist eine Marketingmethode, die den sogenannten Marktraum bestimmt, den das Unternehmen einnehmen soll, und damit die Art und Weise, wie es seine Produkte und Dienstleistungen im Verh\u00e4ltnis zur Konkurrenz vermarkten soll. Dabei kommen folgende Methoden zum Einsatz:<\/p>\n\n\n\n<ul class=\"wp-block-list\"><li>Durch die Erstellung von Profilen in den sozialen Netzwerken Facebook, Instagram und Twitter;<\/li><li>Mitgliedschaft in Wirtschaftsverb\u00e4nden und Arbeitgeberverb\u00e4nden;<\/li><li>Kundenbesuche und Pr\u00e4sentationen<\/li><li>Pr\u00e4sentation auf der Website<\/li><li>Verfassen von Zeitungs- oder Fachartikeln zur F\u00f6rderung von Produkten und<\/li><\/ul>\n\n\n\n<p>Dienstleistungen;<\/p>\n\n\n\n<ul class=\"wp-block-list\"><li>Besuch von Seminaren, Workshops und Runden Tischen, um Kontakte zu kn\u00fcpfen mit<\/li><\/ul>\n\n\n\n<p>potenzielle Kunden und Gesch\u00e4ftspartner;<\/p>\n\n\n\n<ul class=\"wp-block-list\"><li>Teilnahme an Spenderessen und Wohlt\u00e4tigkeitsveranstaltungen und<\/li><li>Gew\u00e4hrung eines Rabatts auf bestimmte Leistungen.<\/li><\/ul>","protected":false},"excerpt":{"rendered":"<p>The basic marketing rule that will be used to promote the services of this center willbe based on the view that successful promotions are simple, offer the right advantage and are easy to communicate. In the sea of various promotions, different from others is not a simple task, therefore a marketing message to potential clients [&hellip;]<\/p>","protected":false},"author":1,"featured_media":2978,"parent":2966,"menu_order":0,"comment_status":"closed","ping_status":"closed","template":"","meta":{"footnotes":""},"class_list":["post-3041","page","type-page","status-publish","has-post-thumbnail","hentry"],"_links":{"self":[{"href":"https:\/\/an-carstvoprirode.com\/de_ch_informal\/wp-json\/wp\/v2\/pages\/3041","targetHints":{"allow":["GET"]}}],"collection":[{"href":"https:\/\/an-carstvoprirode.com\/de_ch_informal\/wp-json\/wp\/v2\/pages"}],"about":[{"href":"https:\/\/an-carstvoprirode.com\/de_ch_informal\/wp-json\/wp\/v2\/types\/page"}],"author":[{"embeddable":true,"href":"https:\/\/an-carstvoprirode.com\/de_ch_informal\/wp-json\/wp\/v2\/users\/1"}],"replies":[{"embeddable":true,"href":"https:\/\/an-carstvoprirode.com\/de_ch_informal\/wp-json\/wp\/v2\/comments?post=3041"}],"version-history":[{"count":7,"href":"https:\/\/an-carstvoprirode.com\/de_ch_informal\/wp-json\/wp\/v2\/pages\/3041\/revisions"}],"predecessor-version":[{"id":3117,"href":"https:\/\/an-carstvoprirode.com\/de_ch_informal\/wp-json\/wp\/v2\/pages\/3041\/revisions\/3117"}],"up":[{"embeddable":true,"href":"https:\/\/an-carstvoprirode.com\/de_ch_informal\/wp-json\/wp\/v2\/pages\/2966"}],"wp:featuredmedia":[{"embeddable":true,"href":"https:\/\/an-carstvoprirode.com\/de_ch_informal\/wp-json\/wp\/v2\/media\/2978"}],"wp:attachment":[{"href":"https:\/\/an-carstvoprirode.com\/de_ch_informal\/wp-json\/wp\/v2\/media?parent=3041"}],"curies":[{"name":"wp","href":"https:\/\/api.w.org\/{rel}","templated":true}]}}