{"id":3000,"date":"2022-05-11T22:13:35","date_gmt":"2022-05-11T20:13:35","guid":{"rendered":"https:\/\/an-carstvoprirode.com\/?page_id=3000"},"modified":"2022-05-28T17:33:09","modified_gmt":"2022-05-28T15:33:09","slug":"insulation-works","status":"publish","type":"page","link":"https:\/\/an-carstvoprirode.com\/de_ch_informal\/description-of-business-idea\/insulation-works\/","title":{"rendered":"Isolierung funktioniert"},"content":{"rendered":"<ul class=\"wp-block-list\"><li>W\u00e4rmed\u00e4mmung senkt Energiekosten<\/li><li class=\" translation-block\">Der <strong>Winter<\/strong> speichert W\u00e4rme \u2013 im <strong>Sommer<\/strong> sch\u00fctzt er vor Hitze<\/li><li>Ausf\u00fchrung der Au\u00dfenw\u00e4nde und -decken \u00fcber der Au\u00dfenluft durch Ausf\u00fchrung eines WDVS-W\u00e4rmed\u00e4mmsystems mit 14 cm dicker Mineralwolle<\/li><li>Einbau eines intakten Daches mit W\u00e4rmed\u00e4mmung aus 20 cm dicker Dachwolle Mineralwolle.<\/li><li>Installation von Au\u00dfenschreinerei von beheizten R\u00e4umen<\/li><li>Installation von Heizk\u00f6rperthermostatventilen<\/li><\/ul>","protected":false},"excerpt":{"rendered":"<p>Heat insulation reduces energy costs Winter saves heat &#8211; in summer it protects against heat Installation of the exterior walls and ceilings above the outside air by the design of an ETICS thermal insulation system with 14 cm thick mineral wool Installation of an intact roof with thermal insulation of 20 cm thick roof wool [&hellip;]<\/p>","protected":false},"author":1,"featured_media":3331,"parent":2966,"menu_order":0,"comment_status":"closed","ping_status":"closed","template":"","meta":{"footnotes":""},"class_list":["post-3000","page","type-page","status-publish","has-post-thumbnail","hentry"],"_links":{"self":[{"href":"https:\/\/an-carstvoprirode.com\/de_ch_informal\/wp-json\/wp\/v2\/pages\/3000","targetHints":{"allow":["GET"]}}],"collection":[{"href":"https:\/\/an-carstvoprirode.com\/de_ch_informal\/wp-json\/wp\/v2\/pages"}],"about":[{"href":"https:\/\/an-carstvoprirode.com\/de_ch_informal\/wp-json\/wp\/v2\/types\/page"}],"author":[{"embeddable":true,"href":"https:\/\/an-carstvoprirode.com\/de_ch_informal\/wp-json\/wp\/v2\/users\/1"}],"replies":[{"embeddable":true,"href":"https:\/\/an-carstvoprirode.com\/de_ch_informal\/wp-json\/wp\/v2\/comments?post=3000"}],"version-history":[{"count":2,"href":"https:\/\/an-carstvoprirode.com\/de_ch_informal\/wp-json\/wp\/v2\/pages\/3000\/revisions"}],"predecessor-version":[{"id":3340,"href":"https:\/\/an-carstvoprirode.com\/de_ch_informal\/wp-json\/wp\/v2\/pages\/3000\/revisions\/3340"}],"up":[{"embeddable":true,"href":"https:\/\/an-carstvoprirode.com\/de_ch_informal\/wp-json\/wp\/v2\/pages\/2966"}],"wp:featuredmedia":[{"embeddable":true,"href":"https:\/\/an-carstvoprirode.com\/de_ch_informal\/wp-json\/wp\/v2\/media\/3331"}],"wp:attachment":[{"href":"https:\/\/an-carstvoprirode.com\/de_ch_informal\/wp-json\/wp\/v2\/media?parent=3000"}],"curies":[{"name":"wp","href":"https:\/\/api.w.org\/{rel}","templated":true}]}}